hest common factor of l and 10?
2
Let m(i) = -i**3 - 8*i**2 - 19*i - 24. Let p be m(-6). Let x = -1 + 3. Suppose y = 4*k + 61, 59 - 6 = y - x*k. Calculate the highest common factor of p and y.
9
Let w(z) = z**2 + 3*z + 6. Suppose -19 = -m + 1. Suppose 9*f = 4*f - m. Let y be w(f). Calculate the greatest common factor of 20 and y.
10
Let n(v) = -v**2 + 3*v + 3. Let j be n(3). Suppose 2*g = -j*g + 50. Let m(c) = 2*c - 2. Let q be m(3). What is the highest common factor of q and g?
2
Suppose 3*x + 3 = w - 3, -4*w + 52 = -5*x. Calculate the greatest common divisor of 2 and w.
2
Suppose 5*c + 4 - 33 = f, -5*f - 4*c = 174. Let w = f + 74. Let q = 3 - -2. What is the highest common factor of w and q?
5
Suppose -v - 3*v - 82 = -5*i, 0 = 4*v - 3*i + 78. Let u = -10 - v. Calculate the greatest common factor of u and 72.
8
Let b be 1/(-2) - (-6)/4. Calculate the highest common divisor of 2 and b.
1
Suppose 5*f - f - 56 = 0. What is the highest common factor of f and 35?
7
Let n be -2 - -3 - (-61 + -1). Suppose -3*t = -35 - 1. Let c = t - 5. Calculate the highest common factor of c and n.
7
Suppose -4*k - 9*s + 10*s = -134, -k + s = -35. What is the highest common factor of k and 3?
3
Let j(z) = 2*z + 3. Let h be j(3). Let q be (-34)/(-8) - 5/20. Suppose -12 = -3*i + 2*i - v, -12 = -q*v. What is the highest common divisor of i and h?
9
Suppose n + 15 = 6*n. What is the highest common divisor of n and 3?
3
Suppose -2*o + 16 = 8. What is the highest common divisor of o and 6?
2
Let k(q) = 2*q - 8*q - 8 - 7*q + 2*q + q**2. Let y be k(12). What is the highest common factor of 2 and y?
2
Suppose -5*l - 281 = -3*s, -s = l - 52 - 31. Let m = s - 53. Let k = 62 + 23. Calculate the highest common factor of m and k.
17
Suppose 5*c - 245 = -3*f, 2*f + 2*c - 158 = -0*c. Calculate the highest common factor of 30 and f.
15
Let v be (-12 - -13)*(13 - 1). Calculate the greatest common factor of 132 and v.
12
Let c be (-76)/190 + ((-4212)/(-10))/3. What is the highest common divisor of 28 and c?
28
Suppose 0 = -2*u + 3*z + 192, -2*u - 3*z - 121 = -313. What is the greatest common divisor of u and 64?
32
Let t be ((-25)/5 - -2)*-1. Calculate the greatest common factor of t and 57.
3
Let q = -89 - -142. What is the highest common divisor of 424 and q?
53
Suppose n = 9*n - 40. Let r = n + 5. What is the greatest common factor of 80 and r?
10
Suppose 0 = 5*u + 3*t - 0*t - 210, 4*u - 3*t = 168. What is the highest common divisor of 14 and u?
14
Let m(r) = r**2 + 10*r + 19. Let s be m(-8). What is the highest common divisor of 2 and s?
1
Let l(j) = 84*j - 6. Let k be l(6). Let n = k - 328. Suppose 0*o + 2*o = n. What is the highest common divisor of 34 and o?
17
Let r be (2 + -3)/(-9 - -8). Let p = 20 - 12. What is the greatest common divisor of p and r?
1
Let p(g) = 19*g - 4. Let k be p(5). Let v = -170 + k. Let z = -14 - v. What is the highest common factor of 13 and z?
13
Suppose 0 = -3*j + 11 + 1, -2*j = 3*b + 7. Let x = -14 - -24. Let w = x + b. Calculate the highest common factor of w and 40.
5
Let u be (-8)/20 + (-6)/10. Let y be ((-6)/(-4))/(u/(-12)). Let x be (-1)/(-2) - (-3)/2. What is the greatest common divisor of y and x?
2
Let z be 3865/20 - 6/(-8). Let j = z - 124. Suppose 0*s + 12 = c + 2*s, -2*c + 17 = -3*s. Calculate the highest common factor of c and j.
10
Suppose -115 = -0*s - 5*s. Let l = 29 + s. Suppose -l = -4*q - 12. What is the highest common divisor of 10 and q?
10
Let y = -9 + 31. Let l = -122 + 124. What is the highest common factor of y and l?
2
Let c = -262 - -274. Let x be 1/2*0 + 72. What is the highest common divisor of c and x?
12
Suppose 2*y + 3 = 2*w + 13, 5*w + 4*y = -70. Let m be ((-4)/w)/((-6)/(-30)). What is the highest common factor of m and 2?
2
Let g(s) = 2*s + 10. Let r be g(13). Calculate the highest common factor of r and 18.
18
Suppose -63 = -5*d + 47. Suppose 2*s - 45 = 5*n, -3*s = n - 2*n - 9. Let h(a) = a**2 + 8*a - 7. Let r be h(n). What is the greatest common factor of d and r?
2
Suppose 15 = -3*i, n + 10*i = 11*i + 160. Calculate the greatest common divisor of n and 31.
31
Let s(m) = m**3 - m**2 - m + 2. Let y be s(1). Calculate the greatest common divisor of y and 4.
1
Let d be 3/(6/(-152)) - -2. Let l = 19 - d. Suppose 0*u + u + 5*a - l = 0, -4*a = 4*u - 356. What is the greatest common divisor of 8 and u?
8
Suppose 0 = 27*m - 26*m - 37. What is the greatest common divisor of 111 and m?
37
Suppose 0 = b - 5, -2*n - 3*b + 33 = 0. Suppose c + 0*y = 2*y + n, 0 = -y. What is the highest common factor of 27 and c?
9
Let m(s) = -s**2 - s. Let o be m(-1). Suppose -2*h + h + 5*w + 26 = o, 5*w + 20 = 0. Calculate the highest common factor of h and 12.
6
Let f = 12 + -8. Suppose -11 = -3*t + d, 0*d + 3 = 2*t - 5*d. Calculate the highest common divisor of t and f.
4
Let s = 41 + -1. Let a = s - 18. Let t be 34 + (0 - (1 - 0)). Calculate the greatest common divisor of t and a.
11
Let p be 1450/45 + (-2)/9. Suppose -5*h + 117 = -123. What is the greatest common divisor of p and h?
16
Let j be 3*-3*28/(-18). Let o = -123 + 125. What is the highest common factor of j and o?
2
Let k(s) = -s**2 + 10*s - 4. Let h(t) = -t**2 + t - 1. Let q(p) = 2*h(p) - k(p). Let z be q(-6). Calculate the greatest common divisor of z and 98.
14
Suppose 2*c = -c - 4*o + 17, c - 2*o = -11. Let g = c + 1. Suppose -n + 16 + 2 = g. Calculate the highest common divisor of 2 and n.
2
Suppose -103 = 2*p - 115. Calculate the greatest common factor of 18 and p.
6
Let b(z) = z**2 - 4*z - 1. Let v be b(4). Let t be -2 - -28 - (1 - v). Calculate the greatest common factor of t and 48.
24
Let d(b) = -b**2 + 13*b + 18. Let i be d(14). Calculate the highest common divisor of 32 and i.
4
Let i(k) = -k**2 - 17*k + 10. Let s be i(-17). What is the highest common divisor of 40 and s?
10
Let o = 63 - 25. Let w = -26 + 45. Calculate the greatest common divisor of o and w.
19
Let p(g) = 13*g**2 - g - 2. Let v be p(-9). Let s be 3*-1*v/15. Let q be 1/6 - s/24. What is the greatest common factor of 72 and q?
9
Let w = -2 + -1. Let h(q) = 3 + 4*q**2 + 101*q**3 - 102*q**3 - 2. Let d be h(w). What is the greatest common divisor of 16 and d?
16
Let x = 143 + -141. What is the highest common divisor of x and 4?
2
Suppose 0 = -2*v + 5*v - 1212. Suppose -2*j + v - 52 = 0. What is the greatest common divisor of 22 and j?
22
Suppose 72 = 3*x - x. Suppose -x = -0*g - 3*g. What is the greatest common divisor of 8 and g?
4
Let q(p) = -p**3 + 7*p**2 - 6*p + 4. Let o be q(6). Suppose z + 0*z - 3*i - 5 = 0, -4*z - o*i = -4. Calculate the highest common divisor of z and 1.
1
Let q be (-100)/(-7) - (-4)/(-14). What is the greatest common divisor of q and 21?
7
Let p = 3 - -6. Suppose 0*r - 5*r = 3*h - 226, -2*h - 4*r = -152. Calculate the greatest common factor of p and h.
9
Suppose -2*x = -p + 33, 5*p - x = 3*x + 141. Calculate the greatest common factor of p and 25.
25
Suppose -3*h = 2*h - 5. Calculate the highest common divisor of h and 11.
1
Let i(k) = -4*k - 3. Let f be i(-3). What is the greatest common divisor of f and 45?
9
Suppose 0 = 3*p + w - 3, 0 = -2*w - 3*w. Let h = 5 - p. What is the greatest common divisor of 2 and h?
2
Let q(l) = -l + 1. Let p be q(-6). Suppose g + p = 20. What is the greatest common divisor of 65 and g?
13
Let s(m) = -3*m + 0*m - 2*m + 2*m - 5. Let g be s(-5). Calculate the greatest common factor of 90 and g.
10
Suppose -364 + 10 = -3*c - 3*h, 2*h = 2*c - 224. Let f(w) = w**3 + w**2 + w + 23. Let s be f(0). Calculate the highest common divisor of c and s.
23
Let h(s) = -43*s - 1. Let x be h(2). Let g = 52 + x. Let v be (0 - g) + -7 + 5. Calculate the highest common factor of 11 and v.
11
Suppose 11 = -0*i - i - 4*k, -4*i + 11 = 5*k. What is the greatest common factor of i and 81?
9
Let n be ((-33)/(-2))/((-1)/(-6)). Let w(y) = -2*y + 5*y - 3*y - 1 - 2*y. Let v be w(-6). Calculate the greatest common divisor of v and n.
11
Let x = -8 - -36. Suppose 5*c = -4*b + 95, 0*b + 4*c + x = 2*b. What is the highest common factor of b and 30?
10
Suppose -3*x = 56 - 296. What is the highest common factor of x and 20?
20
Let m(g) = -12*g + 2. Let u be m(-3). Suppose -k + u = 15. What is the highest common divisor of 161 and k?
23
Let t be 4/(-6)*18/4. Let q = -6 - t. Let z =